*c, -4*c + 4080 = w - 7102. What is the thousands digit of w?
1
Let v = 1898 + 7192. What is the hundreds digit of v?
0
Suppose 50*h - o = 48*h + 816, 0 = -o. What is the tens digit of h?
0
Let a = 923 - 2661. Let u = -924 - a. What is the tens digit of u?
1
Suppose -35554 = 29*t - 3*t - 28*t. What is the thousands digit of t?
7
Let t(v) = -92*v**3 - v**2 - 4*v. Let b be t(3). Let l = -1033 - b. What is the thousands digit of l?
1
Let c be (5 - 5) + (20 - -2). Suppose m = -4*p - 50, -4*p = 4*m + 34 + c. What is the units digit of (-219)/p - 12/(-16)?
9
Let a(o) = o**3 + 20*o**2 + 37*o + 20. Let d be a(-18). Suppose -3*r + t = -4300, -2*t - 1866 = -d*r + 994. What is the tens digit of r?
3
Suppose -w - 53 + 80 = 0. Let z be (28 - w)/(2/6). Suppose -2*r = 2*f - 308, 0 = 3*f - z*r - 114 - 318. What is the hundreds digit of f?
1
Let b = -60 + 95. Let k = b + 181. What is the hundreds digit of k?
2
Let k(y) = 3*y. Suppose -3*g = 4*t + 12, t - 4*g + 9*g + 20 = 0. Let w be k(t). Suppose w = -p + 10 + 5. What is the tens digit of p?
1
Suppose 0 = -4*t - 2*q + q, 0 = -3*q + 12. Let b(y) = -141*y - 2. What is the tens digit of b(t)?
3
Suppose 0 = 8*z + 18*z - 13*z - 144911. What is the tens digit of z?
4
Let v(c) = 3*c**2 + 12*c + 25. Suppose 4*q + 25 = -4*s - 7, 5*q + 26 = -3*s. What is the tens digit of v(s)?
8
Let s(o) = 30*o**2 - 395 + 390 - 3*o**2 + 3*o + 2*o. What is the units digit of s(2)?
3
Suppose -6*n = n. Suppose 3*t + n*h = -h + 942, 5*t + 4*h - 1570 = 0. Let y = -49 + t. What is the units digit of y?
5
Suppose -10*r - 5*r = -21*r + 18498. What is the tens digit of r?
8
Let s = 111302 - 77138. What is the tens digit of s?
6
Let v(x) = -8*x + 108. Let u be v(-13). What is the units digit of 9/(-18)*-4*(u + -1)?
2
Let z = 185 + -183. Let l(t) = 50*t**3 - 7*t**2 + 12*t - 7. What is the tens digit of l(z)?
8
Let f = -13005 - -18837. What is the units digit of f?
2
What is the ten thousands digit of 324350/10 + 1/2*(14 + -8)?
3
Let j(p) = -p + 1. Let x be j(2). Let l be x/5 - (-1)/5. What is the units digit of (l - 16/6)/(41/(-123))?
8
Let f = 48552 + -31307. What is the tens digit of f?
4
Let w(i) = 2313*i - 2255. What is the ten thousands digit of w(14)?
3
Suppose -2*x = -4, -47720 = -3*f + x + 31508. What is the hundreds digit of f?
4
What is the tens digit of (-104301)/54*(0 + -2)?
6
Suppose -4*q = 74*q - 228774. What is the tens digit of q?
3
Let k be 165/42 + -2 - 13/(-182). Suppose 0*m = -5*x - m + 1349, 537 = 2*x + 3*m. Suppose -5*a + k*a = -x. What is the units digit of a?
0
Let k(a) = -a**3 - 7*a**2 + 9*a - 7. Let z = 38 + -36. Suppose z*m + 14 = h, -4*m - 41 = m - h. What is the units digit of k(m)?
4
What is the tens digit of 3491 - 15*(-7 + 96/15)?
0
Let h(k) = k**2 - 9*k + 9. Let u be h(7). Let j be (-6)/(-3) + u + 5. Suppose -5*w + 183 = j*n, -3*w + n = -0*n - 101. What is the units digit of w?
5
Suppose -5*n + 44 = -1. Suppose -n = -3*k, 3*u - 7*u - 2*k = -1258. What is the hundreds digit of u?
3
Suppose -l - l - 10 = -4*d, 0 = -3*d - l + 10. Suppose 3*t + d*n = 126, -5 = -3*n - 2. What is the units digit of t?
1
Suppose -114*y - 20 = -109*y. Let f be 16/(-32) + 62/y. Let n(l) = 3*l**2 + 42*l + 14. What is the hundreds digit of n(f)?
1
Let l = 25590 - -23212. What is the hundreds digit of l?
8
Let q = 24 + -33. Let c be (-6)/q*(-6)/(-4)*138. Suppose 2*n - c = -n. What is the units digit of n?
6
Let w(b) = 17914*b**2 + 43*b - 43. What is the units digit of w(1)?
4
Let x be -4 + 0 + (12 - -512). Let c = x - 295. What is the tens digit of c?
2
Suppose 64 = -21*v + 29*v. Suppose 4*y + 2269 = 3*u, -2*u + 6*y + 1536 = v*y. What is the tens digit of u?
6
Suppose 2*j = -5*z + 2031, -66*j + 63*j - z + 3014 = 0. What is the thousands digit of j?
1
Suppose 0 = -109*j + 623848 - 90184. What is the hundreds digit of j?
8
Let w(a) = -4*a**2 + 2659*a + 21 + a**3 - 2644*a + 18*a**2. Let d be w(-13). Let p(g) = g**2 - 5*g - 6. What is the units digit of p(d)?
4
Suppose u + 2*a + 2664 = 7734, 0 = a + 7. What is the units digit of u?
4
Let f = -4133 - -13848. What is the units digit of f?
5
Suppose 0 = 3*s - 4*p - 20, 5*s + p = 2*s + 10. Suppose 3*b - 330 = -3*c, -c - 3*c - 472 = -s*b. Let y = b - 60. What is the tens digit of y?
5
Let s = 1448 + 414. Suppose h = 2*k + 787, 5*h - s = -5*k + 2043. What is the tens digit of h?
8
Let w(v) = 2*v**3 - 15*v**2 - 5*v - 18. Let o(h) = -h + 23. Let b be o(12). Let u be w(b). Suppose -u + 294 = -5*s. What is the units digit of s?
6
What is the ten thousands digit of ((-24894804)/3390)/(2/(-15))?
5
Let d(l) = 107*l**2 - 168*l - 1433. What is the tens digit of d(-9)?
4
Let l be ((-6)/(-8))/((13/(-1))/27872). Let g = -869 - l. What is the units digit of g?
9
Let f(r) = 31*r**2 + 21*r + 333. What is the thousands digit of f(19)?
1
Let f(k) = 2*k + 14. Let y be f(-10). Let m be 24/(-16)*(-8)/y. What is the units digit of (-3667)/(-38) + m/(-4)?
7
Let c(h) = 117*h**3 - 51*h**2 - 9*h + 14. What is the hundreds digit of c(6)?
3
Suppose m = 4*m, 2*m + 92 = 2*k. Let n(y) = -y**2 + 52*y + 56. Let u be n(53). Suppose 4*l + u*q = 236, -l + 0*q = 4*q - k. What is the tens digit of l?
6
What is the ten thousands digit of (-2 + -1 + 3)/(114/(-57)) - -20640?
2
Let p = -11845 - -18892. What is the hundreds digit of p?
0
Let k be (12/20)/(4/200). Suppose 14*g + k*g - 58696 = 0. What is the tens digit of g?
3
Suppose -2*h - 3*h - 4*r = -216, 4*h + 3*r - 172 = 0. What is the tens digit of ((-48)/h)/((-15)/6725)?
3
Let m(s) = 12*s**3 - 20*s**2 + 39*s - 23. What is the ten thousands digit of m(12)?
1
Let p(d) = 2*d**2 + 8*d. Let q be p(-4). What is the units digit of (-12)/(-36) + (-916)/(-6) + q?
3
Suppose 0 = 835*p - 622*p - 11040003. What is the hundreds digit of p?
8
Suppose -8212 = 17*z - 49*z + 1569964. What is the tens digit of z?
1
Let x(l) = -l + 2. Let m be x(-1). Suppose 0 = -5*c - 3*n - 768, 0*c - m*c - 3*n = 456. Let s = c + 242. What is the tens digit of s?
8
Suppose 5*v - 5*f = 10*v - 14195, -v - 5*f + 2835 = 0. What is the tens digit of v?
4
What is the units digit of 39/(-12*6/(-1536))?
2
Let k(y) = -658*y - 5. Let j(r) = 328*r + 3. Let i(l) = -7*j(l) - 3*k(l). What is the hundreds digit of i(-1)?
3
Let g(n) = -n**3 - 3*n**2 + 5*n + 12. Let c be g(-4). Suppose 0 = c*m - 4499 + 907. What is the units digit of m?
9
Let h = -46 - -50. Let f(k) = 99*k**3 - 2*k**2 - 4*k + 4. Let b be f(2). Suppose 5*i = h*n + b, 0*i - i + 156 = -2*n. What is the hundreds digit of i?
1
Suppose 11*b + 69 = -12*b. What is the hundreds digit of (4/b)/((-18)/8856)?
6
Suppose 2*m + r - 14214 = 0, 5*m + 0*m + 5*r - 35535 = 0. What is the thousands digit of m?
7
Suppose 120*s - 4396 - 8684 = 0. Suppose 0 = -y - 2*w + 165 - 58, 2*w - 309 = -3*y. Let q = y + s. What is the tens digit of q?
1
Let p(s) = -420*s + 1. Let a(i) = -422*i + 1. Let r(t) = 3*a(t) - 4*p(t). What is the hundreds digit of r(1)?
4
Suppose -3*n - 24 = -6, 5*n - 26250 = -5*s. What is the hundreds digit of s?
2
Suppose 144*z - 714994 = 521966. What is the hundreds digit of z?
5
Suppose 770*p = 816*p - 566306. What is the units digit of p?
1
Let h(x) = x**3 + 8*x**2 - 9*x + 7. Let k be (5/(-3))/((-3 + 4)/(-3)). Suppose -4*d + 4*v - 28 = 0, -4*v = -k*d - 6 - 31. What is the units digit of h(d)?
7
Suppose -22*k - 39*k + 894192 = 17*k. What is the tens digit of k?
6
Suppose -12*g = -24*g - 194*g + 372448. What is the units digit of g?
8
Let j be 26/6 - (28/12 - 3). Suppose -3*z - j*f + 36 = z, 28 = 4*z + 3*f. Suppose -2*l - z*k + 84 = 2*l, -3*l - k = -63. What is the units digit of l?
1
Suppose a - 11222 - 15504 = -5*m, 0 = -5*a + 5. What is the thousands digit of m?
5
Let y be (-1)/(-2) + 21/14. Suppose -4*z = y*z - 276. Suppose -a = 5, -5*m - 2*a = -8*m + z. What is the units digit of m?
2
Let v(b) be the second derivative of 0 + 37*b + 55/6*b**3 + 3*b**2. What is the units digit of v(3)?
1
Suppose -3*m - 80 = 4*t, 2*m - 40 = 2*t - m. What is the hundreds digit of (2 - (-155)/t)/((-6)/144)?
1
Let u = 21862 - 14109. What is the tens digit of u?
5
Let y(s) = -293*s + 8402. What is the tens digit of y(-156)?
1
Let n(w) = -w**3 + w**2 + w + 71. Let g be n(0). Suppose -68*i + 100 = -67*i. Let q = i - g. What is the units digit of q?
9
Let f be (-31)/(-93) + 2/(6/11). Suppose f*k 